he remainder when (-2)/(-4) - f/10 is divided by w(6)?
9
Let p(x) = -6*x - 92. Calculate the remainder when 103 is divided by p(-20).
19
Let u be 2/(-6) - (-10)/30. Suppose -y + 87 + 183 = u. Suppose -4*f + 162 = 3*w - f, -2*f = 5*w - y. What is the remainder when w is divided by 14?
12
Let d = 134 + -95. Let h = -7 - -21. Calculate the remainder when d is divided by h.
11
Suppose 0 = 10*f - 721 - 119. What is the remainder when f is divided by 18?
12
Suppose -2*b - 4*a - 22 = 0, -3*b = -2*a + 8 + 1. Let i = b + 5. What is the remainder when 69 is divided by 108/(-6)*(-1 - i)?
15
Suppose -x + 2*x - 31 = 0. Suppose 86*v + 4 = 68*v + 148. What is the remainder when x is divided by v?
7
Suppose -10*t + 6*t + 172 = 0. Let c(j) = 3 + j**2 + j**3 + 4*j**2 - 4. What is the remainder when t is divided by c(-4)?
13
Suppose -2*y = 4*d + 3*y - 298, y - 146 = -2*d. Let r = -153 + 157. Suppose -777 = -17*m - r*m. Calculate the remainder when d is divided by m.
35
Let f = 64 - 46. What is the remainder when 28 is divided by f?
10
Let g = 28 + -11. Suppose 2*p + 11 = 3*m, 0*m - 5*m = -2*p - g. Suppose -m*h + 25 + 11 = 0. What is the remainder when 21 is divided by h?
9
Suppose 25*f - 17*f - 16 = 0. Calculate the remainder when 7 + (5 - -164) + 2/f is divided by 30.
27
Let a(n) = 57*n**2 - n - 1. Calculate the remainder when 117 is divided by a(-1).
3
Let g = 77 - 53. Suppose -f + g = -49. Calculate the remainder when f is divided by 2 - (6/(-9) + (-147)/9).
16
Suppose 14*a - 295 = -85. What is the remainder when 2052 is divided by a?
12
Suppose -n = -22 - 27. Let m = n + -30. Suppose -19 - m = -y. Calculate the remainder when y is divided by 10.
8
Suppose k - 178 = -5*i, i - 2*i = -k - 32. Calculate the remainder when i is divided by 33.
2
Suppose -2*k + 5 + 5 = 0. Calculate the remainder when ((-150)/(-20) - -1)/((-3)/(-6)) is divided by k.
2
Let y(j) = -j**3 - 8*j**2 - 3*j - 10. Let w = 40 + -53. Let i = w - -53. What is the remainder when i is divided by y(-8)?
12
Let z(o) = 6*o**2 + 3*o - 1. Let m be z(-7). Suppose 12*r - m = 8*r. Calculate the remainder when r is divided by 23.
22
Suppose -3*t + 82 = 4*y, -2*y + 4*t - 14 = -3*y. Suppose -21*u = -35*u + 882. Calculate the remainder when u is divided by y.
19
Let n = -5 - -10. Suppose n = 4*q + 13. Calculate the remainder when 4 is divided by (-1)/1 - (q - 2).
1
Let d(b) = -b**3 - 10*b**2 - 6*b - 42. Let u(p) = 4*p + 2. Let m be u(-3). Calculate the remainder when 52 is divided by d(m).
16
Suppose 3*h + 0*h = 3*c + 69, 0 = -h - 3*c + 23. What is the remainder when 159 is divided by h?
21
Let w(s) = s**3 + 11*s**2 - 2*s - 12. Let l be w(-11). Let u be 5/(l/6) + 1. Suppose -u*m + 24 = -0*m. What is the remainder when 17 is divided by m?
5
Suppose 2*i - 12 = 24. Let c = -7 + 12. Suppose 0*j - 2*j = -p + 24, -c*j - 43 = -2*p. What is the remainder when p is divided by i?
16
Let k = -2029 - -2040. Calculate the remainder when 132 is divided by k.
0
What is the remainder when (-15)/2*252/(-30) is divided by 34?
29
Suppose 0 = 2*g - 32 - 126. Calculate the remainder when 193 is divided by g.
35
Calculate the remainder when (-1)/(-2) - (-38)/4 is divided by 5.
0
Suppose -160 + 258 = 4*u + 5*g, -90 = -4*u - g. Calculate the remainder when 22 is divided by u.
0
Let v be ((-8)/(-4))/((-1)/2). Let n = v - -31. Let k = -31 + 45. Calculate the remainder when n is divided by k.
13
Let f = 222 + -135. Calculate the remainder when f is divided by 42.
3
Let l = -22 - -27. Suppose 23 = o + 4*q, l*q - 17 = -2. Suppose -4*x - 4 = -c - 5*x, 2*x + 4 = 0. What is the remainder when o is divided by c?
5
Suppose -3*p - 30 = -z + 4*z, 0 = 5*p - 10. Let x(q) = q**3 + 13*q**2 + 9*q - 3. What is the remainder when x(z) is divided by 12?
9
What is the remainder when (-1)/2*-200 - 8 is divided by 31?
30
Suppose -4*o - 3 + 124 = -3*b, b = 2*o - 63. Let x = -21 + o. Calculate the remainder when 49 is divided by x.
10
Suppose -3*q = 9*q - 84. Calculate the remainder when 109 is divided by q.
4
Let h = -155 - -162. What is the remainder when 53 is divided by h?
4
Let o(q) = 6*q**2 - 4*q + 1. Calculate the remainder when o(5) is divided by (22/55)/((-4)/(-330)).
32
Let s(j) = 3*j + 13. Let f be s(-3). What is the remainder when 35 is divided by (f/8)/((-4)/(-104))?
9
Let y = -716 + 734. Let h = -47 + 117. What is the remainder when h is divided by y?
16
Let s = 28 - -1. Calculate the remainder when 115 is divided by s.
28
Suppose 11*p = 15*p - 292. What is the remainder when p is divided by 38?
35
Let m = 202 - 111. Calculate the remainder when m is divided by 35.
21
Let n be 16/(-5 - -1) + -3. Let u(c) = -c**3 + 5*c**2 - 5*c + 4. What is the remainder when u(3) is divided by -4 + n/2*-2?
1
Let z(n) = -15*n - 2. Suppose 150 = -5*l + t, 2*l - 4*t - 125 = 7*l. Let w = -14 - l. What is the remainder when z(-3) is divided by w?
13
Let t be 6/4*(-2 - -4). Suppose -b + 24 = t*b. Suppose -3*n = -76 + 13. What is the remainder when n is divided by b?
3
Let q(n) = -83*n**2 + 28*n**2 - 6 + n + 25*n**2 + 29*n**2 - 13*n. Let r be (4/3)/(2/(-12)). Calculate the remainder when 76 is divided by q(r).
24
Suppose 116*n = 115*n + 45. What is the remainder when 260 is divided by n?
35
Let u = 416 + -332. What is the remainder when 331 is divided by u?
79
Let h be -1 - (-1)/(4 + -3). Suppose h = 2*p + 2 - 72. Suppose 10*o - 5*o - p = 0. Calculate the remainder when 13 is divided by o.
6
Suppose -2*o + 108 = -28*u + 32*u, o + u - 58 = 0. Calculate the remainder when 181 is divided by o.
57
Let k = -113 - -244. What is the remainder when k is divided by 33?
32
Suppose -p + 57 = 14. Let l = p + -8. What is the remainder when l is divided by (1 + 3 - 2)/((-4)/(-18))?
8
Let g be (-2 + 1265/20)*4. Suppose g = -5*q + 680. What is the remainder when q is divided by 13?
9
Let m be ((-6)/10)/(10/(-50)). Calculate the remainder when (1040/6)/4 + 2/m is divided by 8.
4
Suppose -4*l - 5*y = -8, 3*y - 7*y = 3*l - 6. Suppose -q + 1 = -l*q. Let s = q + 2. What is the remainder when 3 is divided by s?
0
Calculate the remainder when 43 is divided by (637/9)/7 + 2/(-18).
3
Suppose -4*c + 5*m + 84 = 0, m + 1 = -3. Calculate the remainder when 47 is divided by c.
15
Suppose -2 = g + 2*z, -3*z = 3 + 6. Calculate the remainder when ((-2)/(-3))/(g/54) is divided by 4 - (-5)/30*6.
4
What is the remainder when 15 is divided by (-2)/(-3) - (-168)/72?
0
Let f(i) = 41*i**2 - 2*i + 3. Let g(m) = -m**3 + 3*m**2 - 3. Let k be g(2). What is the remainder when f(k) is divided by 9?
6
Suppose -7*a = -14 - 0. Calculate the remainder when 61 is divided by 31/5*(3 + a).
30
Let d(h) = -h - 6. Let w be d(-6). Suppose -a + b + b + 21 = w, 0 = b + 3. What is the remainder when 0 - 0 - (8 - a) is divided by 4?
3
Let x = -86 - -99. Let a(n) = -6*n + 5. Calculate the remainder when a(-5) is divided by x.
9
Suppose 3*u - u = 14. Let t = 18 - -12. Let w = t - -4. Calculate the remainder when w is divided by u.
6
Suppose -2*o - o = -243. Let s = o - 76. Calculate the remainder when 83 is divided by s.
3
Suppose -2582 = -2*q - 4*b, 4*q - 10*b - 5224 = -6*b. What is the remainder when q is divided by 14?
13
Let k = -18 - 5. Let t be (-3 + 16)/(2*(-4)/8). Let a = t - k. What is the remainder when 37 is divided by a?
7
Let w = -4570 - -4592. Suppose 3*o = 4*o - 26. What is the remainder when o is divided by w?
4
Suppose 10 = 2*q + 3*q, -b + q + 95 = 0. What is the remainder when b is divided by 10?
7
Suppose 37*b - 3*q = 38*b - 47, 3*b + 4*q = 156. Suppose -k - 1 - 1 = 0, 4*l = 2*k + 68. Calculate the remainder when b is divided by l.
8
Let v = -46 + 82. Let t be (v/(-45))/(4/(-10)). Calculate the remainder when 46 is divided by t*(18/3 + 0).
10
Let a = -800 + 841. Calculate the remainder when 145 is divided by a.
22
Suppose 0 = 2*z + 8, 2*z + 197 - 51 = 3*a. Calculate the remainder when 73 is divided by a.
27
Let z = 7 - -37. Let f = -20 + z. What is the remainder when f is divided by 5?
4
Suppose 0 = 5*l - l - 100. Suppose -20 = -2*b + 5*u, -3*b + 24 = 2*u - l. Let t = 67 - b. Calculate the remainder when t is divided by 18.
16
Let w = 3 - -5. Let f(i) be the second derivative of -i**5/20 + 11*i**4/12 + 8*i**3/3 - 17*i**2/2 + 5*i. Calculate the remainder when f(12) is divided by w.
7
Let k = -8 - -13. Sup